 3, 19, 107, 42571
What are the prime factors of 32865745?
5, 11, 597559
What are the prime factors of 203677896?
2, 3, 37, 347, 661
What are the prime factors of 1424868672?
2, 3, 19, 619, 631
List the prime factors of 698168159.
13, 53705243
List the prime factors of 72113403.
3, 24037801
List the prime factors of 564154793.
41, 103, 1297
What are the prime factors of 704606738?
2, 11, 109, 293831
What are the prime factors of 124564356?
2, 3, 7, 79, 6257
List the prime factors of 36898100.
2, 5, 197, 1873
List the prime factors of 380648525.
5, 15225941
List the prime factors of 35882369.
23, 479, 3257
List the prime factors of 336885875.
5, 73, 36919
List the prime factors of 697475780.
2, 5, 419, 83231
List the prime factors of 116932989.
3, 23, 1694681
What are the prime factors of 45722298?
2, 3, 23, 41, 8081
List the prime factors of 2373090205.
5, 23, 73, 282679
What are the prime factors of 254510576?
2, 71, 224041
What are the prime factors of 1462189405?
5, 1487, 196663
What are the prime factors of 9165752184?
2, 3, 37, 617, 16729
What are the prime factors of 67294881?
3, 830801
What are the prime factors of 2374271732?
2, 7, 167, 507757
What are the prime factors of 140420958?
2, 3, 29, 807017
What are the prime factors of 1140436047?
3, 17939, 21191
What are the prime factors of 155402829?
3, 1499, 11519
What are the prime factors of 41207348?
2, 7, 13, 79, 1433
List the prime factors of 6499083379.
107, 60739097
What are the prime factors of 80367050?
2, 5, 1181, 1361
List the prime factors of 7578830.
2, 5, 7, 15467
What are the prime factors of 272870499?
3, 11, 8268803
List the prime factors of 1911923230.
2, 5, 7, 257, 106277
List the prime factors of 1158996347.
1158996347
List the prime factors of 2271095523.
3, 84114649
What are the prime factors of 2158151362?
2, 1201, 898481
List the prime factors of 89018912.
2, 569, 4889
List the prime factors of 23315107.
23315107
What are the prime factors of 189786441?
3, 13, 607, 8017
List the prime factors of 40282212.
2, 3, 269, 12479
What are the prime factors of 2472921571?
2472921571
What are the prime factors of 8055999860?
2, 5, 402799993
What are the prime factors of 19839515?
5, 19, 208837
List the prime factors of 785478056.
2, 11, 8925887
List the prime factors of 2287576352.
2, 71486761
List the prime factors of 110647867.
11, 10058897
What are the prime factors of 155010650?
2, 5, 883, 3511
List the prime factors of 28920450.
2, 3, 5, 13, 14831
List the prime factors of 676231074.
2, 3, 37568393
What are the prime factors of 368713354?
2, 19, 9702983
What are the prime factors of 203696714?
2, 13, 103, 5851
List the prime factors of 545911472.
2, 34119467
What are the prime factors of 14310644?
2, 3577661
List the prime factors of 25809758.
2, 13, 197, 5039
What are the prime factors of 285505353?
3, 7, 293, 15467
List the prime factors of 320263534.
2, 71, 1291, 1747
List the prime factors of 460170080.
2, 5, 431, 6673
What are the prime factors of 2563275648?
2, 3, 139, 48023
List the prime factors of 55538456.
2, 17, 43, 9497
List the prime factors of 73673319.
3, 43, 571111
What are the prime factors of 697983112?
2, 761, 114649
What are the prime factors of 296750033?
7213, 41141
List the prime factors of 477526154.
2, 7, 34109011
What are the prime factors of 134049466?
2, 67024733
List the prime factors of 100498105.
5, 37, 543233
What are the prime factors of 4426079179?
109, 197, 206123
List the prime factors of 297752800.
2, 5, 19, 1031
What are the prime factors of 120304791?
3, 1321, 3373
List the prime factors of 3208058154.
2, 3, 7, 19, 1340041
What are the prime factors of 29855488?
2, 13, 8971
What are the prime factors of 180236807?
149, 1033, 1171
List the prime factors of 56672461.
4831, 11731
List the prime factors of 275338566.
2, 3, 23, 665069
What are the prime factors of 49568145?
3, 5, 11, 300413
List the prime factors of 596454196.
2, 13, 283, 40531
List the prime factors of 65358035.
5, 109, 119923
List the prime factors of 225732374.
2, 7, 101, 263, 607
What are the prime factors of 315041542?
2, 613, 256967
List the prime factors of 4076496.
2, 3, 28309
What are the prime factors of 67578700?
2, 5, 7, 29, 3329
List the prime factors of 51999688.
2, 13, 23, 21739
List the prime factors of 228424067.
228424067
What are the prime factors of 780855954?
2, 3, 3089, 42131
List the prime factors of 1293606061.
11, 853, 137867
List the prime factors of 28470983.
28470983
List the prime factors of 2372009369.
137, 3037, 5701
List the prime factors of 446224602.
2, 3, 17, 31, 141121
List the prime factors of 64432713.
3, 71, 113, 2677
What are the prime factors of 111141168?
2, 3, 509, 4549
List the prime factors of 1004246347.
13, 863, 89513
List the prime factors of 431995615.
5, 1669, 51767
What are the prime factors of 301044225?
3, 5, 1097, 3659
What are the prime factors of 23377358?
2, 11688679
What are the prime factors of 2790058236?
2, 3, 7, 4744997
What are the prime factors of 131174216?
2, 191, 85847
What are the prime factors of 50728428?
2, 3, 79, 17837
List the prime factors of 9602539.
9602539
What are the prime factors of 2198943278?
2, 7, 127, 1236751
List the prime factors of 459316816.
2, 7, 37, 271, 409
What are the prime factors of 355336229?
31, 307, 37337
List the prime factors of 322814738.
2, 161407369
List the prime factors of 166260854.
2, 2393, 34739
What are the prime factors of 47597215?
5, 9519443
What are the prime factors of 15001563?
3, 983, 5087
List the prime factors of 1112765.
5, 222553
List the prime factors of 236680589.
1621, 146009
What are the prime factors of 13860982?
2, 727, 9533
List the prime factors of 532496121.
3, 137, 1295611
What are the prime factors of 1255250834?
2, 41, 53, 367, 787
List the prime factors of 119959673.
19, 691, 9137
List the prime factors of 663983812.
2, 43, 1277, 3023
What are the prime factors of 3709534961?
11, 179, 1883969
What are the prime factors of 263768088?
2, 3, 31, 41, 8647
List the prime factors of 175809467.
131, 419, 3203
List the prime factors of 22980404.
2, 23, 37, 43, 157
What are the prime factors of 578540583?
3, 17, 1260437
List the prime factors of 21126928.
2, 1320433
List the prime factors of 23766374.
2, 17, 67, 10433
List the prime factors of 616730616.
2, 3, 31, 47, 5879
What are the prime factors of 8790197632?
2, 68673419
List the prime factors of 676574368.
2, 317, 66697
List the prime factors of 282133406.
2, 43, 3280621
List the prime factors of 37502920.
2, 5, 7, 13, 10303
What are the prime factors of 1024756196?
2, 311, 823759
What are the prime factors of 27055133?
7, 3865019
What are the prime factors of 82562236?
2, 43, 480013
List the prime factors of 665199882.
2, 3, 23, 1606763
List the prime factors of 30978873.
3, 19, 29, 6247
List the prime factors of 13371230.
2, 5, 31, 43133
What are the prime factors of 50449075?
5, 2017963
List the prime factors of 68091599.
211, 322709
What are the prime factors of 13780554?
2, 3, 31, 43, 1723
What are the prime factors of 146013553?
7, 20859079
What are the prime factors of 41618332?
2, 7, 389, 3821
What are the prime factors of 69142487?
577, 119831
What are the prime factors of 56667216?
2, 3, 23, 51329
List the prime factors of 15357794.
2, 43, 4153
List the prime factors of 14747517.
3, 17, 113, 853
What are the prime factors of 79741814?
2, 4357, 9151
What are the prime factors of 1765893828?
2, 3, 147157819
List the prime factors of 15355671.
3, 5118557
List the prime factors of 309926352.
2, 3, 1213, 5323
List the prime factors of 1755640.
2, 5, 43891
What are the prime factors of 35311361?
149, 269, 881
List the prime factors of 598459202.
2, 11, 27202691
List the prime factors of 667916740.
2, 5, 17, 1964461
List the prime factors of 27852797.
7, 3978971
List the prime factors of 519789042.
2, 3, 17, 19, 1753
List the prime factors of 1480100866.
2, 79, 499, 18773
List the prime factors of 543245799.
3, 181081933
List the prime factors of 67638640.
2, 5, 47, 17989
What are the prime factors of 302672145?
3, 5, 20178143
What are the prime factors of 21821529?
3, 7273843
List the prime factors of 43300407.
3, 751, 19219
What are the prime factors of 1544459127?
3, 229, 983, 228